{"id":837,"date":"2022-05-29T22:33:10","date_gmt":"2022-05-29T22:33:10","guid":{"rendered":"https:\/\/www.ermizio.pt\/?page_id=837"},"modified":"2022-06-07T15:09:14","modified_gmt":"2022-06-07T15:09:14","slug":"vinha-da-bouca","status":"publish","type":"page","link":"https:\/\/www.ermizio.pt\/index.php\/vinha-da-bouca\/","title":{"rendered":"VINHA DA BOU\u00c7A"},"content":{"rendered":"<div class=\"fusion-fullwidth fullwidth-box fusion-builder-row-1 fusion-flex-container nonhundred-percent-fullwidth non-hundred-percent-height-scrolling\" style=\"background-color: rgba(255,255,255,0);background-position: center center;background-repeat: no-repeat;border-width: 0px 0px 0px 0px;border-color:var(--awb-color3);border-style:solid;\" ><div class=\"fusion-builder-row fusion-row fusion-flex-align-items-flex-start\" style=\"max-width:1248px;margin-left: calc(-4% \/ 2 );margin-right: calc(-4% \/ 2 );\"><div class=\"fusion-layout-column fusion_builder_column fusion-builder-column-0 fusion_builder_column_1_3 1_3 fusion-flex-column\"><div class=\"fusion-column-wrapper fusion-flex-justify-content-flex-start fusion-content-layout-column\" style=\"background-position:left top;background-repeat:no-repeat;-webkit-background-size:cover;-moz-background-size:cover;-o-background-size:cover;background-size:cover;padding: 0px 0px 0px 0px;\"><div ><style>.fusion-imageframe.imageframe-1{ margin-top : 50px;margin-bottom : 50px;}<\/style><span class=\" fusion-imageframe imageframe-none imageframe-1 hover-type-none fusion-no-medium-visibility\"><a href=\"http:\/\/www.ermizio.pt\/wp-content\/uploads\/2022\/06\/V.Bouc\u0327a.VRM_.2019.Fr_-300x222.jpg\" class=\"fusion-lightbox\" data-rel=\"iLightbox[2e9fa5931f082d15968]\" data-title=\"V.Bouc\u0327a.VRM.2019.Fr\" title=\"V.Bouc\u0327a.VRM.2019.Fr\"><img decoding=\"async\" width=\"300\" height=\"222\" src=\"http:\/\/www.ermizio.pt\/wp-content\/uploads\/2022\/06\/V.Bouc\u0327a.VRM_.2019.Fr_-300x222.jpg\" alt class=\"img-responsive wp-image-1139\" srcset=\"https:\/\/www.ermizio.pt\/wp-content\/uploads\/2022\/06\/V.Bouc\u0327a.VRM_.2019.Fr_-200x148.jpg 200w, https:\/\/www.ermizio.pt\/wp-content\/uploads\/2022\/06\/V.Bouc\u0327a.VRM_.2019.Fr_-400x297.jpg 400w, https:\/\/www.ermizio.pt\/wp-content\/uploads\/2022\/06\/V.Bouc\u0327a.VRM_.2019.Fr_-600x445.jpg 600w, https:\/\/www.ermizio.pt\/wp-content\/uploads\/2022\/06\/V.Bouc\u0327a.VRM_.2019.Fr_-800x593.jpg 800w, https:\/\/www.ermizio.pt\/wp-content\/uploads\/2022\/06\/V.Bouc\u0327a.VRM_.2019.Fr_-1200x890.jpg 1200w, https:\/\/www.ermizio.pt\/wp-content\/uploads\/2022\/06\/V.Bouc\u0327a.VRM_.2019.Fr_.jpg 1370w\" sizes=\"(max-width: 640px) 100vw, 400px\" \/><\/a><\/span><\/div><div class=\"fusion-separator fusion-full-width-sep\" style=\"align-self: center;margin-left: auto;margin-right: auto;width:100%;\"><div class=\"fusion-separator-border sep-double\" style=\"border-color:var(--awb-color3);border-top-width:1px;border-bottom-width:1px;\"><\/div><\/div><div ><style>.fusion-imageframe.imageframe-2{ margin-top : 50px;margin-bottom : 50px;}<\/style><span class=\" fusion-imageframe imageframe-none imageframe-2 hover-type-none\"><a href=\"http:\/\/www.ermizio.pt\/wp-content\/uploads\/2022\/06\/V.Bouc\u0327a.VRM_.2019.vs_-300x283.jpg\" class=\"fusion-lightbox\" data-rel=\"iLightbox[1259ebe323ac18a6019]\" data-title=\"V.Bouc\u0327a.VRM.2019.vs\" title=\"V.Bouc\u0327a.VRM.2019.vs\"><img decoding=\"async\" width=\"300\" height=\"283\" src=\"http:\/\/www.ermizio.pt\/wp-content\/uploads\/2022\/06\/V.Bouc\u0327a.VRM_.2019.vs_-300x283.jpg\" alt class=\"img-responsive wp-image-1137\" srcset=\"https:\/\/www.ermizio.pt\/wp-content\/uploads\/2022\/06\/V.Bouc\u0327a.VRM_.2019.vs_-200x189.jpg 200w, https:\/\/www.ermizio.pt\/wp-content\/uploads\/2022\/06\/V.Bouc\u0327a.VRM_.2019.vs_-400x377.jpg 400w, https:\/\/www.ermizio.pt\/wp-content\/uploads\/2022\/06\/V.Bouc\u0327a.VRM_.2019.vs_.jpg 474w\" sizes=\"(max-width: 640px) 100vw, 400px\" \/><\/a><\/span><\/div><\/div><style type=\"text\/css\">.fusion-body .fusion-builder-column-0{width:33.333333333333% !important;margin-top : 0px;margin-bottom : 20px;}.fusion-builder-column-0 > .fusion-column-wrapper {padding-top : 0px !important;padding-right : 0px !important;margin-right : 5.76%;padding-bottom : 0px !important;padding-left : 0px !important;margin-left : 5.76%;}@media only screen and (max-width:1024px) {.fusion-body .fusion-builder-column-0{width:33.333333333333% !important;order : 0;}.fusion-builder-column-0 > .fusion-column-wrapper {margin-right : 5.76%;margin-left : 5.76%;}}@media only screen and (max-width:640px) {.fusion-body .fusion-builder-column-0{width:100% !important;order : 0;}.fusion-builder-column-0 > .fusion-column-wrapper {margin-right : 1.92%;margin-left : 1.92%;}}<\/style><\/div><div class=\"fusion-layout-column fusion_builder_column fusion-builder-column-1 fusion_builder_column_2_3 2_3 fusion-flex-column\"><div class=\"fusion-column-wrapper fusion-flex-justify-content-flex-start fusion-content-layout-column\" style=\"background-position:left top;background-repeat:no-repeat;-webkit-background-size:cover;-moz-background-size:cover;-o-background-size:cover;background-size:cover;padding: 0px 0px 0px 0px;\"><div class=\"fusion-text fusion-text-1\"><h3>Vinha da Bou\u00e7a, 2019<\/h3>\n<p>Alvarinho<br \/>\nVinho Regional Minho<\/p>\n<p>Conceito. As uvas do Vinha da Bou\u00e7a prov\u00eam de um pequeno nicho ecol\u00f3gico de caracter\u00edsticas \u00fanicas, no alto da Quinta do Erm\u00edzio, s\u00e3o colhidas no ponto \u00f3timo de matura\u00e7\u00e3o e vinificadas de forma minimalista para preservar o car\u00e1cter da casta Alvarinho e do terroir.<\/p>\n<p>A colheita. O ano de 2018 teve um crescimento r\u00e1pido das videiras at\u00e9 ao final de julho. Agosto foi fresco, especialmente durante a noite, favorecendo uma matura\u00e7\u00e3o lenta, com boa acidez e desenvolvimento de aromas. Setembro foi quente e seco permitindo a matura\u00e7\u00e3o completa das uvas a sua colheita em tempo oportuno.<\/p>\n<p>Tecnologia. Esmagamento das uvas com desengace total, seguido de prensagem suave e decanta\u00e7\u00e3o natural. Fermenta\u00e7\u00e3o a 18 \u00b0C em cuba de inox, seguida de trasfega e levantamento de borras finas. Filtra\u00e7\u00e3o sem frio e engarrafamento com pouco sulfuroso.<\/p>\n<p>Notas de prova. Um Alvarinho diferente pela sua mineralidade. Aroma delicado e suave. Fresco na boca com notas de fruta e sabores minerais. Boa estrutura, com um final longo e redondo. Vinho refrescante e harmonioso no palato, que requer algum tempo at\u00e9 ser bem compreendido<\/p>\n<p>Perfil. Agrad\u00e1vel enquanto jovem, melhora com o envelhecimento em garrafa onde adquire aromas mais complexos e um agrad\u00e1vel volume na boca.<\/p>\n<p>Como beber. Servir a 10 \u00b0C sem decanta\u00e7\u00e3o, para se apreciarem as muta\u00e7\u00f5es que vinho sofre no copo. Acompanha pratos de peixe ou pratos de carne pouco condimentados.<\/p>\n<p>Pr\u00e9mios. Concurso internacional \u201cAlbarinos al Mundo\u201d, medalha de ouro para as colheitas 2011, 2013, 2015 e 2016. Mundus Vini: Medalha de Prata para a colheita 2016.<\/p>\n<p>Dados t\u00e9cnicos:<br \/>\nAlcool \u2013 13.0 % (vol.); pH \u2013 3.1<br \/>\nAcidez total \u2013 6.8 g\/L (\u00e1cido tart\u00e1rico);<\/p>\n<p>Casta: Alvarinho (100%)<br \/>\nN\u00famero de garrafas: 10 000<\/p>\n<\/div><div class=\"fusion-text fusion-text-2\"><p><a href=\"http:\/\/www.ermizio.pt\/wp-content\/uploads\/2022\/06\/V.-Bouc\u0327a-2019.Port_.pdf\" target=\"_blank\" rel=\"noopener\">Ficha T\u00e9cnica<\/a><\/p>\n<\/div><\/div><style type=\"text\/css\">.fusion-body .fusion-builder-column-1{width:66.666666666667% !important;margin-top : 0px;margin-bottom : 20px;}.fusion-builder-column-1 > .fusion-column-wrapper {padding-top : 0px !important;padding-right : 0px !important;margin-right : 2.88%;padding-bottom : 0px !important;padding-left : 0px !important;margin-left : 2.88%;}@media only screen and (max-width:1024px) {.fusion-body .fusion-builder-column-1{width:66.666666666667% !important;order : 0;}.fusion-builder-column-1 > .fusion-column-wrapper {margin-right : 2.88%;margin-left : 2.88%;}}@media only screen and (max-width:640px) {.fusion-body .fusion-builder-column-1{width:100% !important;order : 0;}.fusion-builder-column-1 > .fusion-column-wrapper {margin-right : 1.92%;margin-left : 1.92%;}}<\/style><\/div><\/div><style type=\"text\/css\">.fusion-body .fusion-flex-container.fusion-builder-row-1{ padding-top : 0px;margin-top : 0px;padding-right : 0px;padding-bottom : 0px;margin-bottom : 0px;padding-left : 0px;}<\/style><\/div>\n","protected":false},"excerpt":{"rendered":"","protected":false},"author":1,"featured_media":0,"parent":0,"menu_order":0,"comment_status":"closed","ping_status":"closed","template":"","meta":{"footnotes":""},"class_list":["post-837","page","type-page","status-publish","hentry"],"_links":{"self":[{"href":"https:\/\/www.ermizio.pt\/index.php\/wp-json\/wp\/v2\/pages\/837"}],"collection":[{"href":"https:\/\/www.ermizio.pt\/index.php\/wp-json\/wp\/v2\/pages"}],"about":[{"href":"https:\/\/www.ermizio.pt\/index.php\/wp-json\/wp\/v2\/types\/page"}],"author":[{"embeddable":true,"href":"https:\/\/www.ermizio.pt\/index.php\/wp-json\/wp\/v2\/users\/1"}],"replies":[{"embeddable":true,"href":"https:\/\/www.ermizio.pt\/index.php\/wp-json\/wp\/v2\/comments?post=837"}],"version-history":[{"count":14,"href":"https:\/\/www.ermizio.pt\/index.php\/wp-json\/wp\/v2\/pages\/837\/revisions"}],"predecessor-version":[{"id":1147,"href":"https:\/\/www.ermizio.pt\/index.php\/wp-json\/wp\/v2\/pages\/837\/revisions\/1147"}],"wp:attachment":[{"href":"https:\/\/www.ermizio.pt\/index.php\/wp-json\/wp\/v2\/media?parent=837"}],"curies":[{"name":"wp","href":"https:\/\/api.w.org\/{rel}","templated":true}]}}